posite?
True
Let s = 78246 + -53197. Is s composite?
True
Let a(i) = 1026*i + 10. Let l = -4 - -9. Let h be a(l). Suppose 0 = -13*s + 9*s + h. Is s a prime number?
False
Let g = 505995 - 20914. Is g prime?
True
Suppose -5*t + 30 = 0, -9*k + 12*k - t - 542931 = 0. Is k a prime number?
False
Let f = 59 + -56. Let b be ((-28)/21)/((-2)/f). Is ((-970)/15*3/b)/(-1) a prime number?
True
Suppose -12505370 = 170*v - 340*v. Is v a prime number?
True
Suppose 0*f + 4*f = -628. Suppose -168 = 23*b + 5490. Let l = f - b. Is l composite?
False
Let w(t) = t**2 - t - 9. Let x be w(4). Suppose -x*z + 4855 = 5*j - 387, -2*z = -2*j + 2100. Is j a prime number?
True
Let w(c) = 492*c**3 - 4*c**2 - 2*c + 2. Let n be w(-2). Let p = -1061 - n. Is p a composite number?
True
Let x be ((-8)/(-20))/(4/40). Suppose x*k - 9*k = -10. Is (k/(-4))/((-7)/5866) prime?
True
Let i = 198 - 464. Let s be i/(-2) + 1 + 3. Let m = s + -55. Is m a composite number?
True
Suppose 3*w - m - 13 = -0*m, 3*w - 1 = -2*m. Suppose -104737 = -14*v - w*v. Is v composite?
True
Let r = 8605 - 19484. Let t = -4332 - r. Is t prime?
True
Let m(q) = -1 - 3*q - 83*q**2 + 17 + 45*q**3 + 9 + 69*q**2. Is m(9) prime?
False
Suppose -4*z + 15114 = 3*l - 8569, 3*z + 31544 = 4*l. Let u = l - -104. Is u a composite number?
False
Let t = 528 + 4147. Suppose t = 10*k - 1155. Suppose -5*h - 4*d + 1235 = 0, -4*h + k = d - 416. Is h a composite number?
False
Let u = -25131 - -45648. Suppose 16*n - u = 85675. Is n a composite number?
False
Suppose 0 = 5*r - 5*v - 762975, r + 3*v = -4*r + 762991. Is r a prime number?
True
Let z(q) = q**2 - 23*q - 29. Let b be z(24). Is (-1)/(b - 54368/(-10874)) composite?
False
Suppose 8*b - 5*b = 4*y - 15, 15 = y + 3*b. Is 7 - (11 - y - 21725) composite?
False
Suppose -5*l - 2983579 = -2*x, 5*x - 3*l - 7458976 = -0*x. Is x prime?
True
Let z = 528 + 172. Suppose -2*i + 1401 = -0*o - o, o + z = i. Is i prime?
True
Let y = 4919 + -2946. Is y a prime number?
True
Suppose -5*x = -2*z + 201, -4*z + 5*x + 267 = -110. Let a = z - 87. Is (a/(-2))/(1/(-254)) a prime number?
True
Suppose 5*z + 25 = -5*j, -14*z + 18*z + 25 = -5*j. Suppose 3*r + g = 3310 + 6510, z = 4*r + 4*g - 13088. Is r composite?
True
Suppose w - 391507 = 4*k - 8*k, -4*w - k = -1566133. Is w prime?
False
Let j = 8163 + -3555. Let k = j + -2639. Is k composite?
True
Is ((-514785)/(-9))/(80/48) a prime number?
True
Let a be (-10)/4*1564/115. Is (-186630)/a - (-130)/(-1105) a prime number?
False
Let f(g) = 6*g**2 + 10*g + 5. Let b be f(-2). Suppose 1751 + 9544 = b*d. Is d a composite number?
True
Let i = 156671 - 14833. Is i composite?
True
Suppose -12*p + 39 = p. Suppose 0*n - 2*n = -p*n. Suppose j + 7*c - 976 = 2*c, -j - 4*c + 979 = n. Is j composite?
False
Is 21257 - 4 - (-12 - 0) a prime number?
False
Let p(w) = 7*w**3 - 15*w**2 - 14*w + 25. Let d(z) = -5*z**2 + 22*z + 4. Let a be d(4). Is p(a) a composite number?
True
Suppose 27*y - 29*y + 441289 = t, 2*t - 3*y - 882592 = 0. Is t a prime number?
False
Let g = 26301 - 17704. Suppose -5*s - k = -3*k - 10771, 0 = 4*s + 5*k - g. Is s prime?
True
Suppose -3*p = -2 - 19. Suppose -4*x - 19 = -p, 40602 = 3*j + x. Is j composite?
True
Let r be (-8 - 15727)*(-2 + (-12)/(-10)). Suppose -2*y - z - 8397 = -4*y, -3*y + 3*z = -r. Is y a composite number?
False
Let h(b) = -21 + 9 + 0*b - 27 - 3*b. Let f be h(-14). Is (-26800)/(-140) - f/7 prime?
True
Let s be (4/5)/(-2)*(-2 - 3). Let u(f) = -f**3 + 15 + 7*f**2 + 7*f**s - 9*f - 8*f. Is u(11) prime?
True
Let d(t) = 465*t**2 - 119*t - 251. Is d(-32) composite?
True
Is 19 - 129*(-280520)/60 prime?
False
Let q be 7 - (70/5 + -7). Suppose 2*y + 334 - 26768 = q. Is y composite?
False
Suppose 68*o - 65637 = 29*o. Let a = o - -2900. Is a composite?
False
Let l(w) = 224*w**2 - 602*w - 603. Is l(-1) composite?
False
Suppose -15*w - 118563 = -3*l - 18*w, 0 = -l - 5*w + 39537. Is l composite?
True
Let y(u) = 50*u**3 + u**2 + 17*u + 8. Let p(z) = 26*z**3 + 9*z + 4. Let h(l) = -5*p(l) + 3*y(l). Is h(5) prime?
True
Let w(q) = -q - 10. Let n be w(-10). Suppose -2*y - 5*s + 31 = n, -2*y - 2*s + 13 = -y. Suppose -154 - 485 = -y*v. Is v a composite number?
True
Suppose -3*o + 3 = -9. Suppose 0 = -0*a - o*a - 4. Is 128*(5 + 1) + a a composite number?
True
Let j(z) = -80965*z + 3473. Is j(-4) prime?
False
Let k = -6 - -13. Suppose -5*p - q = -4*p - k, -4*q + 24 = 2*p. Suppose -p*y - 3*y = -885. Is y composite?
True
Is 2918 - 132/(-6) - 3*(-1)/(-3) a prime number?
True
Let b = -12 - -72. Let o = -224 + b. Let i = 123 - o. Is i a prime number?
False
Suppose -2 - 9 = -m + h, -4*m + 36 = -2*h. Suppose -n - m*j = -3*j - 335, -5*n - 3*j + 1607 = 0. Is n composite?
True
Suppose r - 43 = -26. Suppose 20 = r*c - 7*c. Is c + (253 - (5 + -3)) composite?
True
Let p(o) = -o**3 + 5*o**2 - 2*o - 9. Let a be p(3). Let u be (8 + -11)*967*(-4)/a. Is (u/6)/(13/((-195)/(-10))) a composite number?
False
Let l(t) = -1054*t**3 + 7*t**2 + 105*t + 399. Is l(-4) composite?
False
Let y = -305033 - -437622. Is y composite?
False
Suppose -3*u + 770 = 8*u. Let k = -6 + u. Suppose -5*f - k = -489. Is f composite?
True
Let u(y) = 2*y**3 - 3*y**2 + y + 29. Let w be u(0). Let b(k) = 33*k + 130. Is b(w) prime?
True
Let j(w) = 2*w + 7. Let b be j(3). Let m = 16 - b. Suppose m*y = 5*t + 3950, 0 = 4*y - 3*t + 786 - 6049. Is y prime?
False
Let i = 348 - 339. Let v(j) = 10*j**3 - 38*j**2 + 22*j - 19. Is v(i) a prime number?
True
Suppose 4*y + 5156 = 17340. Let o be -3 + -1985 + 2 + 1. Let x = y + o. Is x prime?
True
Suppose -4*c + p = -2, 0 = 4*c - 2*p - p + 2. Let l be (-1)/(-2)*c*0. Suppose -5*b = -4*z - 6157, l*z - 4925 = -4*b + 3*z. Is b a prime number?
True
Suppose 88*u - 2063556 = 1938068. Is u prime?
False
Is (38147 + 2)/((35/(-77))/5*-11) a composite number?
False
Suppose -5*v - 13*h + 17*h + 20583 = 0, -5*v - 5*h = -20565. Is v a composite number?
True
Let b be (-18)/(-14) - 8/28. Let a be b/(3/6) + 0. Is 68 - (5/((-15)/6))/a prime?
False
Let z = -4 - -5. Let v be -3*z*(2 + -1). Let o(u) = -322*u - 13. Is o(v) composite?
False
Suppose 168*n - 84*n = 75*n + 2060469. Is n a prime number?
False
Let r be (-1)/1 + 2 + -4 + 5. Suppose 0 = 4*n + 3*u + 94, -r*n - 36 = -2*u - 2*u. Is (-2 + n/(-4))/(6/444) a prime number?
False
Let a = -86 - -70. Let q = a + 20. Suppose w + 2763 = q*w. Is w prime?
False
Suppose 15 = 8*n - 49. Is ((-12415)/15)/(n/(-24)) prime?
False
Suppose -4*l = -4*o + 12, -5*l - 9*o = -4*o - 5. Let a be (-1 - (-1 - (l + 3))) + 0. Suppose -365 = -a*s + 293. Is s prime?
False
Let u(s) = 650*s**3 - 3*s**2 + 5*s + 1. Let p(l) = -1302*l**3 + 6*l**2 - 12*l - 1. Let x(j) = 4*p(j) + 9*u(j). Is x(1) a prime number?
True
Is (25583358/(-14))/(-3) + ((-2820)/329 - -8) a prime number?
False
Let q = 48262 - 19511. Is q a prime number?
True
Let j(x) = 220*x**2 - 121*x + 1910. Is j(19) a prime number?
True
Let v = 380 + -437. Let m(o) = -80*o - 4. Let c be m(-4). Let z = v + c. Is z a composite number?
True
Suppose -15*g = -312307 - 92978. Suppose -g - 91520 = -9*v. Is v a composite number?
False
Suppose 3*i + 13 = -10*c + 9*c, -2*c = 3*i + 11. Suppose -626 = -c*k + 170. Let x = k - -87. Is x prime?
False
Let n = 389353 + -9786. Is n a composite number?
True
Suppose 522*q = 506*q + 139856. Is q a prime number?
True
Let p = -2467 + 26414. Suppose -p = -k - 6*k. Is k prime?
False
Let d = 295271 + -182550. Is d a prime number?
False
Suppose -c = -5*u - 1510, 3*u = 6*c - c - 7506. Suppose 5*w + 3*g + c = 0, 3*w - 3*g + 1173 = -w. Let m = w - -488. Is m composite?
False
Let g(z) = -8*z**3 + 16*z**2 + 243*z + 38. Is g(-25) a composite number?
True
Suppose 0 = -89*b + 114*b - 560975. Is b composite?
True
Let k(a) = -a**3 - 54*a**2 + 145*a + 577. Is k(-58) a prime number?
True
Is (91/(-14) - -5) + 777645/18 composite?
False
Suppose -z = 2*z - 6. Let l = -7 + z. Is l + 205 + -2 + 3 prime?
False
Let n = -18 + 19. Is n*788 + 30/(-10) a composite number?
True
Suppose f + 10*g - 5*g - 64073 = 0, 128158 = 2*f - 2*g. Suppose 3*x - f = -11*x. Is x a prime number?
False
Suppose c - 15 = t, 4*t + 3*c + 50 = 2*t. Let f = t - -24. Suppose -5*k = 5*h - 3525, -f*k - 693 = h - 2*h. Is h a composite number?
True
Let i = -236 - -239. Suppose -139 = -i*v + 152. Is v composite?
False
Let y(l) = -6*l**3 + 2*l**2 - 2*l + 4